{"id":3442,"date":"2020-10-15T15:21:01","date_gmt":"2020-10-15T15:21:01","guid":{"rendered":"https:\/\/online-guitar-academy.com\/?page_id=3442"},"modified":"2021-06-11T17:40:02","modified_gmt":"2021-06-11T17:40:02","slug":"kurs-perkussive-techniken","status":"publish","type":"page","link":"https:\/\/online-guitar-academy.com\/index.php\/kurs-perkussive-techniken\/","title":{"rendered":"Kurs Perkussive Techniken"},"content":{"rendered":"<div id='av_section_1'  class='avia-section main_color avia-section-no-padding avia-no-border-styling avia-full-stretch avia-bg-style-fixed  avia-builder-el-0  el_before_av_section  avia-builder-el-first   av-minimum-height av-minimum-height-75  container_wrap fullsize' style='background-repeat: no-repeat; background-image: url(https:\/\/online-guitar-academy.com\/wp-content\/uploads\/2020\/03\/Auq36ar2.png);background-attachment: fixed; background-position: top center;  '  data-section-bg-repeat='stretch' data-av_minimum_height_pc='75'><div class='container' ><main  role=\"main\" itemprop=\"mainContentOfPage\"  class='template-page content  av-content-full alpha units'><div class='post-entry post-entry-type-page post-entry-3442'><div class='entry-content-wrapper clearfix'>\n<div class=\"flex_column av_one_full  av-animated-generic top-to-bottom  flex_column_div av-zero-column-padding first  avia-builder-el-1  avia-builder-el-no-sibling  \" style='border-radius:0px; '><p><div  class='avia-image-container  av-styling-no-styling av-hover-grow   avia-builder-el-2  el_before_av_hr  avia-builder-el-first  avia-align-center '  itemprop=\"image\" itemscope=\"itemscope\" itemtype=\"https:\/\/schema.org\/ImageObject\"  ><div class='avia-image-container-inner'><div class='avia-image-overlay-wrap'><img class='avia_image' src='https:\/\/online-guitar-academy.com\/wp-content\/uploads\/2020\/04\/logo_ogasponsoren_5.png' alt='' title='logo_oga+sponsoren_5' height=\"300\" width=\"1200\"  itemprop=\"thumbnailUrl\"  \/><\/div><\/div><\/div><br \/>\n<div  style=' margin-top:100px; margin-bottom:30px;'  class='hr hr-custom hr-center hr-icon-no   avia-builder-el-3  el_after_av_image  avia-builder-el-last '><span class='hr-inner   inner-border-av-border-none' style=' width:50px;' ><span class='hr-inner-style'><\/span><\/span><\/div><\/p><\/div>\n\n<\/div><\/div><\/main><!-- close content main element --><\/div><div class='av-extra-border-element border-extra-diagonal border-extra-diagonal-inverse '><div class='av-extra-border-outer'><div class='av-extra-border-inner'  style='background-color:#ffffff;' ><\/div><\/div><\/div><\/div><div id='av_section_2'  class='avia-section main_color avia-section-default avia-no-border-styling avia-bg-style-scroll  avia-builder-el-4  el_after_av_section  el_before_av_section   container_wrap fullsize' style=' '  ><div class='container' ><div class='template-page content  av-content-full alpha units'><div class='post-entry post-entry-type-page post-entry-3442'><div class='entry-content-wrapper clearfix'>\n<div class=\"flex_column av_one_third  flex_column_div av-zero-column-padding first  avia-builder-el-5  el_before_av_two_third  avia-builder-el-first  \" style='border-radius:0px; '><div  class='avia-image-container  av-styling-    avia-builder-el-6  avia-builder-el-no-sibling  avia-align-center '  itemprop=\"image\" itemscope=\"itemscope\" itemtype=\"https:\/\/schema.org\/ImageObject\"  ><div class='avia-image-container-inner'><div class='avia-image-overlay-wrap'><img class='avia_image' src='https:\/\/online-guitar-academy.com\/wp-content\/uploads\/2020\/10\/Bild-Paket-Silvio.jpg' alt='' title='Bild-Paket-Silvio' height=\"1000\" width=\"1000\"  itemprop=\"thumbnailUrl\"  \/><\/div><\/div><\/div><\/div><div class=\"flex_column av_two_third  flex_column_div av-zero-column-padding   avia-builder-el-7  el_after_av_one_third  avia-builder-el-last  \" style='border-radius:0px; '><section class=\"av_textblock_section \"  itemscope=\"itemscope\" itemtype=\"https:\/\/schema.org\/CreativeWork\" ><div class='avia_textblock  '   itemprop=\"text\" ><h1>Video-Kurs \u201eVon Ghost notes und Daumenslaps &#8211; Perkussive Techniken auf der Gitare\u201c<\/h1>\n<\/div><\/section><br \/>\n<section class=\"av_textblock_section \"  itemscope=\"itemscope\" itemtype=\"https:\/\/schema.org\/CreativeWork\" ><div class='avia_textblock  av_inherit_color '  style='color:#000000; '  itemprop=\"text\" ><p id=\"u1958-2\"><strong><span class=\"style-scope yt-formatted-string\" dir=\"auto\" data-sanitized-data-mce-fragment=\"1\">In diesem teilig. 10 Videokurs zeige ich dir die wichtigsten perkussiven Techniken f\u00fcr die akustische Gitarre: Perkussionschl\u00e4ge, Special-Strummings, Ghost Notes, Palm mute und andere D\u00e4mpftechniken, Percussion auf der Gitarre, Daumenslap u.v.m.<\/span><br \/>\n<\/strong><\/p>\n<p><span class=\"style-scope yt-formatted-string\" dir=\"auto\" data-sanitized-data-mce-fragment=\"1\">Dieser Kurs wird deine gesamte Spielweise sowie dein Verst\u00e4ndnis von Rhythmik und Groove nachdr\u00fccklich ver\u00e4ndern. Und durch die kreativen Aufgaben wirst du\u00a0 die Techniken wie selbstverst\u00e4ndlich in dein Spiel einbauen.<\/span><\/p>\n<p id=\"u1958-6\"><span id=\"u1958-4\">FACTS<\/span> zum Workshop \u201ePerkussive Techniken auf der Gitarre\u201c:<\/p>\n<ul>\n<li id=\"u1958-9\">Erlernte Techniken: <span class=\"style-scope yt-formatted-string\" dir=\"auto\" data-sanitized-data-mce-fragment=\"1\">Perkussionschl\u00e4ge, Special-Strummings, Ghost Notes, Palm mute und andere D\u00e4mpftechniken, Percussion auf der Gitarre, Daumenslap u.v.m.<\/span><\/li>\n<li>Jeden Monat 1 neues Kapitel<\/li>\n<li>\u00fcber 200 Min. Videomaterial<\/li>\n<li>In jedem Kapitel eine neue Technik und ein neues St\u00fcck<\/li>\n<li>Kreative Aufgaben zur direkten Anwendung in deinen St\u00fccken und Arrangements<\/li>\n<li>Pers\u00f6nliche Betreuung per Mail<\/li>\n<li>Geeignet f\u00fcr ALLE Gitarristen (Anf\u00e4nger UND Fortgeschrittene) sowie Gitarrenlehrer f\u00fcr ihren t\u00e4glichen Unterricht mit Sch\u00fclern.<\/li>\n<li>Du erh\u00e4ltst 10 Videos, St\u00fccke als pdf, kreative Aufgaben<\/li>\n<\/ul>\n<\/div><\/section><\/p><\/div>\n\n<\/div><\/div><\/div><!-- close content main div --><\/div><div class='av-extra-border-element border-extra-diagonal border-extra-diagonal-inverse '><div class='av-extra-border-outer'><div class='av-extra-border-inner'  style='background-color:#f8f8f8;' ><\/div><\/div><\/div><\/div><div id='av_section_3'  class='avia-section alternate_color avia-section-default avia-no-border-styling avia-bg-style-scroll  avia-builder-el-10  el_after_av_section  el_before_av_section   container_wrap fullsize' style=' '  ><div class='container' ><div class='template-page content  av-content-full alpha units'><div class='post-entry post-entry-type-page post-entry-3442'><div class='entry-content-wrapper clearfix'>\n<div class=\"flex_column av_three_fifth  flex_column_div av-zero-column-padding first  avia-builder-el-11  el_before_av_two_fifth  avia-builder-el-first  \" style='border-radius:0px; '><div class=\"avia-video avia-video-16-9   av-lazyload-immediate  av-lazyload-video-embed  \" style=\"\" itemprop=\"video\" itemtype=\"https:\/\/schema.org\/VideoObject\" data-original_url=\"https:\/\/www.youtube.com\/watch?v=jWlBxJ3wiuk&amp;t=4s\"><div class=\"BorlabsCookie _brlbs-cb-youtube\"><div class=\"_brlbs-content-blocker\"> <div class=\"_brlbs-embed _brlbs-video-youtube\"> <img class=\"_brlbs-thumbnail\" src=\"https:\/\/online-guitar-academy.com\/wp-content\/plugins\/borlabs-cookie\/assets\/images\/cb-no-thumbnail.png\" alt=\"YouTube\"> <div class=\"_brlbs-caption\"> <p>Mit dem Laden des Videos akzeptieren Sie die Datenschutzerkl\u00e4rung von YouTube.<br><a href=\"https:\/\/policies.google.com\/privacy\" target=\"_blank\" rel=\"nofollow noopener noreferrer\">Mehr erfahren<\/a><\/p> <p><a class=\"_brlbs-btn _brlbs-icon-play-white\" href=\"#\" data-borlabs-cookie-unblock role=\"button\">Video laden<\/a><\/p> <p><label><input type=\"checkbox\" name=\"unblockAll\" value=\"1\" checked> <small>YouTube immer entsperren<\/small><\/label><\/p> <\/div> <\/div> <\/div><div class=\"borlabs-hide\" data-borlabs-cookie-type=\"content-blocker\" data-borlabs-cookie-id=\"youtube\"><script type=\"text\/template\">PGRpdiBjbGFzcz0nYXZpYS1pZnJhbWUtd3JhcCc+PGlmcmFtZSB0aXRsZT0iJnF1b3Q7Vm9uIEdob3N0IE5vdGVzIHVuZCBEYXVtZW4gU2xhcHMgLSAgUGVya3Vzc2l2ZSBUZWNobmlrZW4gYXVmIGRlciBHaXRhcnJlJnF1b3Q7IiB3aWR0aD0iMTUwMCIgaGVpZ2h0PSI4NDQiIHNyYz0iaHR0cHM6Ly93d3cueW91dHViZS1ub2Nvb2tpZS5jb20vZW1iZWQvaldsQnhKM3dpdWs\/c3RhcnQ9NCZmZWF0dXJlPW9lbWJlZCIgZnJhbWVib3JkZXI9IjAiIGFsbG93PSJhY2NlbGVyb21ldGVyOyBhdXRvcGxheTsgY2xpcGJvYXJkLXdyaXRlOyBlbmNyeXB0ZWQtbWVkaWE7IGd5cm9zY29wZTsgcGljdHVyZS1pbi1waWN0dXJlIiBhbGxvd2Z1bGxzY3JlZW4+PC9pZnJhbWU+PC9kaXY+<\/script><\/div><\/div><\/div><\/div><div class=\"flex_column av_two_fifth  flex_column_div av-zero-column-padding   avia-builder-el-13  el_after_av_three_fifth  el_before_av_hr  \" style='border-radius:0px; '><p><section class=\"av_textblock_section \"  itemscope=\"itemscope\" itemtype=\"https:\/\/schema.org\/CreativeWork\" ><div class='avia_textblock  '   itemprop=\"text\" ><\/div><\/section><br \/>\n<section class=\"av_textblock_section \"  itemscope=\"itemscope\" itemtype=\"https:\/\/schema.org\/CreativeWork\" ><div class='avia_textblock  av_inherit_color '  style='color:#00aab7; '  itemprop=\"text\" ><h4><\/h4>\n<h2><\/h2>\n<h2><\/h2>\n<h3><strong>\u00a0<\/strong><\/h3>\n<\/div><\/section><br \/>\n<section class=\"av_textblock_section \"  itemscope=\"itemscope\" itemtype=\"https:\/\/schema.org\/CreativeWork\" ><div class='avia_textblock  '   itemprop=\"text\" ><p>Hier kannst du f\u00fcr nur 100,- \u20ac alle 10 Teile des<\/p>\n<\/div><\/section><br \/>\n<section class=\"av_textblock_section \"  itemscope=\"itemscope\" itemtype=\"https:\/\/schema.org\/CreativeWork\" ><div class='avia_textblock  av_inherit_color '  style='color:#00aab7; '  itemprop=\"text\" ><h3><strong>Video-Kurses &#8222;Perkussive Techniken&#8220;<br \/>\n<\/strong><\/h3>\n<\/div><\/section><br \/>\n<div  class='avia-buttonrow-wrap avia-buttonrow-left   avia-builder-el-18  el_after_av_textblock  el_before_av_textblock '>\n<a href='https:\/\/silvios-guitar-store.myshopify.com\/products\/von-ghost-notes-und-daumen-slaps-perkussive-techniken-auf-der-gitarre-10teilg-video-kurs' class='avia-button  avia-icon_select-yes-left-icon avia-color-theme-color avia-size-small ' target=\"_blank\" style='margin-bottom:5px; margin-right:5px; ' rel=\"noopener\"><span class='avia_button_icon avia_button_icon_left ' aria-hidden='true' data-av_icon='\ue800' data-av_iconfont='entypo-fontello'><\/span><span class='avia_iconbox_title' >JETZT KAUFEN<\/span><\/a>\n<\/div><br \/>\n<section class=\"av_textblock_section \"  itemscope=\"itemscope\" itemtype=\"https:\/\/schema.org\/CreativeWork\" ><div class='avia_textblock  '   itemprop=\"text\" ><p>10 Videos, St\u00fccke als pdf&#8217;s, kreative Aufgaben<\/p>\n<\/div><\/section><\/p><\/div><div  style=' margin-top:50px; margin-bottom:30px;'  class='hr hr-custom hr-center hr-icon-no   avia-builder-el-20  el_after_av_two_fifth  avia-builder-el-last '><span class='hr-inner   inner-border-av-border-none' style=' width:50px;' ><span class='hr-inner-style'><\/span><\/span><\/div>\n<\/div><\/div><\/div><!-- close content main div --><\/div><\/div><div id='av_section_4'  class='avia-section header_color avia-section-default avia-no-border-styling avia-bg-style-scroll  avia-builder-el-21  el_after_av_section  avia-builder-el-last   container_wrap fullsize' style='background-repeat: no-repeat; background-image: url(https:\/\/online-guitar-academy.com\/wp-content\/uploads\/2020\/03\/back_header_tuerkis-2.jpg);background-attachment: scroll; background-position: top left;  '  data-section-bg-repeat='no-repeat'><div class='container' ><div class='template-page content  av-content-full alpha units'><div class='post-entry post-entry-type-page post-entry-3442'><div class='entry-content-wrapper clearfix'>\n<div class='flex_column_table av-equal-height-column-flextable -flextable' ><div class=\"flex_column av_one_full  flex_column_table_cell av-equal-height-column av-align-top av-zero-column-padding first  avia-builder-el-22  avia-builder-el-no-sibling  \" style='border-radius:0px; '><p><div   data-autoplay='1'  data-interval='6'  data-animation='fade'  data-hoverpause='1'  class='avia-testimonial-wrapper avia-slider-testimonials avia-slider-2-testimonials avia_animate_when_almost_visible  av-large-testimonial-slider  '>\n<section class ='avia-testimonial-row'><div class='avia-testimonial av_one_half flex_column no_margin avia-testimonial-row-1 avia-first-testimonial'  itemscope=\"itemscope\" itemtype=\"https:\/\/schema.org\/Person\" ><div class='avia-testimonial_inner'><div class='avia-testimonial-content '    itemscope=\"itemscope\" itemtype=\"https:\/\/schema.org\/CreativeWork\" ><p>\u201eLieber Silvio, ich halte Dich einfach f\u00fcr einen begnadeten Didaktiker, was die Vermittlung von Wissen beim Gitarrespiel angeht! Die Kapitel sind gut nachvollziehbar und logisch: Alles baut so sch\u00f6n aufeinander auf&#8230; Dank f\u00fcr diesen wunderbaren Kurs!&#8220;<\/p>\n<\/div><div class='avia-testimonial-meta'><div class='avia-testimonial-arrow-wrap'><div class='avia-arrow'><\/div><\/div><div class='avia-testimonial-meta-mini'><strong  class='avia-testimonial-name'    itemprop=\"name\" >Anke<\/strong><\/div><\/div><\/div><\/div>\n<div class='avia-testimonial av_one_half flex_column no_margin avia-testimonial-row-1 '  itemscope=\"itemscope\" itemtype=\"https:\/\/schema.org\/Person\" ><div class='avia-testimonial_inner'><div class='avia-testimonial-content '    itemscope=\"itemscope\" itemtype=\"https:\/\/schema.org\/CreativeWork\" ><p>&#8222;Moin, ich war flei\u00dfig. Agua de beber klappt schon ganz gut.<br \/>\nUnd ich muss dich einfach mal loben:\u00a0\u00a0\u00a0\u00a0\u00a0\u00a0\u00a0\u00a0\u00a0\u00a0\u00a0\u00a0\u00a0\u00a0\u00a0 Wirklich Klasse dein Video-Unterricht. Macht so doll Spa\u00df!&#8220;<\/p>\n<\/div><div class='avia-testimonial-meta'><div class='avia-testimonial-arrow-wrap'><div class='avia-arrow'><\/div><\/div><div class='avia-testimonial-meta-mini'><strong  class='avia-testimonial-name'    itemprop=\"name\" >Christine<\/strong><\/div><\/div><\/div><\/div>\n<div class='avia-testimonial av_one_half flex_column no_margin avia-testimonial-row-1 '  itemscope=\"itemscope\" itemtype=\"https:\/\/schema.org\/Person\" ><div class='avia-testimonial_inner'><div class='avia-testimonial-content '    itemscope=\"itemscope\" itemtype=\"https:\/\/schema.org\/CreativeWork\" ><p>&#8222;Du bist einfach der Beste! In Sachen grooviges Spiel und vor allem auch der didaktischen Vermittlung macht dir hier keiner was vor! Freue mich jeden Monat wie ein kleines Kind auf das n\u00e4chste Kapitel!&#8220;<\/p>\n<\/div><div class='avia-testimonial-meta'><div class='avia-testimonial-arrow-wrap'><div class='avia-arrow'><\/div><\/div><div class='avia-testimonial-meta-mini'><strong  class='avia-testimonial-name'    itemprop=\"name\" >Valentin<\/strong><\/div><\/div><\/div><\/div>\n<div class='avia-testimonial av_one_half flex_column no_margin avia-testimonial-row-1 '  itemscope=\"itemscope\" itemtype=\"https:\/\/schema.org\/Person\" ><div class='avia-testimonial_inner'><div class='avia-testimonial-content '    itemscope=\"itemscope\" itemtype=\"https:\/\/schema.org\/CreativeWork\" ><p>&#8222;Absolut empfehlenswert fu\u0308r Gitarrenfreunde, die nicht vor Ort sind, wenig Zeit haben, dennoch motiviert sind voran zu kommen, sich was Gutes tun und sich mit inspirierenden Songs ein Stu\u0308ckchen Urlaubs-Ambiente in ihr Zuhause zaubern wollen!&#8220;<\/p>\n<\/div><div class='avia-testimonial-meta'><div class='avia-testimonial-arrow-wrap'><div class='avia-arrow'><\/div><\/div><div class='avia-testimonial-meta-mini'><strong  class='avia-testimonial-name'    itemprop=\"name\" >Ariane Runge<\/strong><\/div><\/div><\/div><\/div>\n<div class='avia-testimonial av_one_half flex_column no_margin avia-testimonial-row-1 '  itemscope=\"itemscope\" itemtype=\"https:\/\/schema.org\/Person\" ><div class='avia-testimonial_inner'><div class='avia-testimonial-content '    itemscope=\"itemscope\" itemtype=\"https:\/\/schema.org\/CreativeWork\" ><p>&#8222;Heute (2020) bin ich am Ende des Kurses angekommen, leider! Denn jedes Kapitel endet mit einem wunderbaren Solost\u00fcck, die von der Auswahl her genau meinen Geschmack treffen und vom Arrangement her einfach unter die Haut gehen. Was f\u00fcr ein Fundus!&#8220;<\/p>\n<\/div><div class='avia-testimonial-meta'><div class='avia-testimonial-arrow-wrap'><div class='avia-arrow'><\/div><\/div><div class='avia-testimonial-meta-mini'><strong  class='avia-testimonial-name'    itemprop=\"name\" >Stefan Schoelzel<\/strong><\/div><\/div><\/div><\/div>\n<div class='avia-testimonial av_one_half flex_column no_margin avia-testimonial-row-1 '  itemscope=\"itemscope\" itemtype=\"https:\/\/schema.org\/Person\" ><div class='avia-testimonial_inner'><div class='avia-testimonial-content '    itemscope=\"itemscope\" itemtype=\"https:\/\/schema.org\/CreativeWork\" ><p>&#8222;Die vielen \u00dcbungen f\u00fcr Finger, K\u00f6rper und Geist \u00a0waren lehrreich, inspirierend und haben mich definitiv auf ein neues Level gehoben. \u00a0Die Harmonien der vielen Gitarrenst\u00fccke ber\u00fchren mich noch immer ungemein und weisen einen Weg jenseits der Standardarrangements.&#8220;<\/p>\n<\/div><div class='avia-testimonial-meta'><div class='avia-testimonial-arrow-wrap'><div class='avia-arrow'><\/div><\/div><div class='avia-testimonial-meta-mini'><strong  class='avia-testimonial-name'    itemprop=\"name\" >Michael Hensel<\/strong><\/div><\/div><\/div><\/div>\n<div class='avia-testimonial av_one_half flex_column no_margin avia-testimonial-row-1 '  itemscope=\"itemscope\" itemtype=\"https:\/\/schema.org\/Person\" ><div class='avia-testimonial_inner'><div class='avia-testimonial-content '    itemscope=\"itemscope\" itemtype=\"https:\/\/schema.org\/CreativeWork\" ><p>&#8220; Ich mag die Arrangements von Silvio. Es macht Spa\u00df diese zu \u00fcben und sie erweitern oft meinen eigenen musikalischen Horizont. Silvio dabei auf die H\u00e4nde schauen zu k\u00f6nnen, gekoppelt mit den gegebenen \u00dcbungstipps, helfen dabei, selbst besser zu werden.&#8220;<\/p>\n<\/div><div class='avia-testimonial-meta'><div class='avia-testimonial-arrow-wrap'><div class='avia-arrow'><\/div><\/div><div class='avia-testimonial-meta-mini'><strong  class='avia-testimonial-name'    itemprop=\"name\" >Steffen<\/strong><\/div><\/div><\/div><\/div>\n<\/section><div class='avia-slideshow-arrows avia-slideshow-controls' ><a href='#prev' class='prev-slide' aria-hidden='true' data-av_icon='\ue87c' data-av_iconfont='entypo-fontello'>Zur\u00fcck<\/a><a href='#next' class='next-slide' aria-hidden='true' data-av_icon='\ue87d' data-av_iconfont='entypo-fontello'>Weiter<\/a><\/div><\/div><br \/>\n<div  style=' margin-top:100px; margin-bottom:30px;'  class='hr hr-custom hr-center hr-icon-no   avia-builder-el-24  el_after_av_testimonials  avia-builder-el-last '><span class='hr-inner   inner-border-av-border-none' style=' width:50px;' ><span class='hr-inner-style'><\/span><\/span><\/div><\/p><\/div><\/div><!--close column table wrapper. Autoclose: 1 -->\n<\/p>\n","protected":false},"excerpt":{"rendered":"","protected":false},"author":3,"featured_media":0,"parent":0,"menu_order":0,"comment_status":"closed","ping_status":"closed","template":"","meta":[],"yoast_head":"<!-- This site is optimized with the Yoast SEO plugin v19.4 - https:\/\/yoast.com\/wordpress\/plugins\/seo\/ -->\n<title>Kurs Perkussive Techniken - Online Guitar Academy<\/title>\n<meta name=\"robots\" content=\"index, follow, max-snippet:-1, max-image-preview:large, max-video-preview:-1\" \/>\n<link rel=\"canonical\" href=\"https:\/\/online-guitar-academy.com\/index.php\/kurs-perkussive-techniken\/\" \/>\n<meta property=\"og:locale\" content=\"de_DE\" \/>\n<meta property=\"og:type\" content=\"article\" \/>\n<meta property=\"og:title\" content=\"Kurs Perkussive Techniken - Online Guitar Academy\" \/>\n<meta property=\"og:url\" content=\"https:\/\/online-guitar-academy.com\/index.php\/kurs-perkussive-techniken\/\" \/>\n<meta property=\"og:site_name\" content=\"Online Guitar Academy\" \/>\n<meta property=\"article:modified_time\" content=\"2021-06-11T17:40:02+00:00\" \/>\n<meta name=\"twitter:card\" content=\"summary_large_image\" \/>\n<meta name=\"twitter:label1\" content=\"Gesch\u00e4tzte Lesezeit\" \/>\n\t<meta name=\"twitter:data1\" content=\"12\u00a0Minuten\" \/>\n<script type=\"application\/ld+json\" class=\"yoast-schema-graph\">{\"@context\":\"https:\/\/schema.org\",\"@graph\":[{\"@type\":\"WebSite\",\"@id\":\"https:\/\/online-guitar-academy.com\/#website\",\"url\":\"https:\/\/online-guitar-academy.com\/\",\"name\":\"Online Guitar Academy\",\"description\":\"Gitarrenkurse, Notenhefte, Videos, Guitar Camps\",\"potentialAction\":[{\"@type\":\"SearchAction\",\"target\":{\"@type\":\"EntryPoint\",\"urlTemplate\":\"https:\/\/online-guitar-academy.com\/?s={search_term_string}\"},\"query-input\":\"required name=search_term_string\"}],\"inLanguage\":\"de\"},{\"@type\":\"WebPage\",\"@id\":\"https:\/\/online-guitar-academy.com\/index.php\/kurs-perkussive-techniken\/\",\"url\":\"https:\/\/online-guitar-academy.com\/index.php\/kurs-perkussive-techniken\/\",\"name\":\"Kurs Perkussive Techniken - Online Guitar Academy\",\"isPartOf\":{\"@id\":\"https:\/\/online-guitar-academy.com\/#website\"},\"datePublished\":\"2020-10-15T15:21:01+00:00\",\"dateModified\":\"2021-06-11T17:40:02+00:00\",\"breadcrumb\":{\"@id\":\"https:\/\/online-guitar-academy.com\/index.php\/kurs-perkussive-techniken\/#breadcrumb\"},\"inLanguage\":\"de\",\"potentialAction\":[{\"@type\":\"ReadAction\",\"target\":[\"https:\/\/online-guitar-academy.com\/index.php\/kurs-perkussive-techniken\/\"]}]},{\"@type\":\"BreadcrumbList\",\"@id\":\"https:\/\/online-guitar-academy.com\/index.php\/kurs-perkussive-techniken\/#breadcrumb\",\"itemListElement\":[{\"@type\":\"ListItem\",\"position\":1,\"name\":\"Home\",\"item\":\"https:\/\/online-guitar-academy.com\/\"},{\"@type\":\"ListItem\",\"position\":2,\"name\":\"Kurs Perkussive Techniken\"}]}]}<\/script>\n<!-- \/ Yoast SEO plugin. -->","yoast_head_json":{"title":"Kurs Perkussive Techniken - Online Guitar Academy","robots":{"index":"index","follow":"follow","max-snippet":"max-snippet:-1","max-image-preview":"max-image-preview:large","max-video-preview":"max-video-preview:-1"},"canonical":"https:\/\/online-guitar-academy.com\/index.php\/kurs-perkussive-techniken\/","og_locale":"de_DE","og_type":"article","og_title":"Kurs Perkussive Techniken - Online Guitar Academy","og_url":"https:\/\/online-guitar-academy.com\/index.php\/kurs-perkussive-techniken\/","og_site_name":"Online Guitar Academy","article_modified_time":"2021-06-11T17:40:02+00:00","twitter_card":"summary_large_image","twitter_misc":{"Gesch\u00e4tzte Lesezeit":"12\u00a0Minuten"},"schema":{"@context":"https:\/\/schema.org","@graph":[{"@type":"WebSite","@id":"https:\/\/online-guitar-academy.com\/#website","url":"https:\/\/online-guitar-academy.com\/","name":"Online Guitar Academy","description":"Gitarrenkurse, Notenhefte, Videos, Guitar Camps","potentialAction":[{"@type":"SearchAction","target":{"@type":"EntryPoint","urlTemplate":"https:\/\/online-guitar-academy.com\/?s={search_term_string}"},"query-input":"required name=search_term_string"}],"inLanguage":"de"},{"@type":"WebPage","@id":"https:\/\/online-guitar-academy.com\/index.php\/kurs-perkussive-techniken\/","url":"https:\/\/online-guitar-academy.com\/index.php\/kurs-perkussive-techniken\/","name":"Kurs Perkussive Techniken - Online Guitar Academy","isPartOf":{"@id":"https:\/\/online-guitar-academy.com\/#website"},"datePublished":"2020-10-15T15:21:01+00:00","dateModified":"2021-06-11T17:40:02+00:00","breadcrumb":{"@id":"https:\/\/online-guitar-academy.com\/index.php\/kurs-perkussive-techniken\/#breadcrumb"},"inLanguage":"de","potentialAction":[{"@type":"ReadAction","target":["https:\/\/online-guitar-academy.com\/index.php\/kurs-perkussive-techniken\/"]}]},{"@type":"BreadcrumbList","@id":"https:\/\/online-guitar-academy.com\/index.php\/kurs-perkussive-techniken\/#breadcrumb","itemListElement":[{"@type":"ListItem","position":1,"name":"Home","item":"https:\/\/online-guitar-academy.com\/"},{"@type":"ListItem","position":2,"name":"Kurs Perkussive Techniken"}]}]}},"_links":{"self":[{"href":"https:\/\/online-guitar-academy.com\/index.php\/wp-json\/wp\/v2\/pages\/3442"}],"collection":[{"href":"https:\/\/online-guitar-academy.com\/index.php\/wp-json\/wp\/v2\/pages"}],"about":[{"href":"https:\/\/online-guitar-academy.com\/index.php\/wp-json\/wp\/v2\/types\/page"}],"author":[{"embeddable":true,"href":"https:\/\/online-guitar-academy.com\/index.php\/wp-json\/wp\/v2\/users\/3"}],"replies":[{"embeddable":true,"href":"https:\/\/online-guitar-academy.com\/index.php\/wp-json\/wp\/v2\/comments?post=3442"}],"version-history":[{"count":8,"href":"https:\/\/online-guitar-academy.com\/index.php\/wp-json\/wp\/v2\/pages\/3442\/revisions"}],"predecessor-version":[{"id":3614,"href":"https:\/\/online-guitar-academy.com\/index.php\/wp-json\/wp\/v2\/pages\/3442\/revisions\/3614"}],"wp:attachment":[{"href":"https:\/\/online-guitar-academy.com\/index.php\/wp-json\/wp\/v2\/media?parent=3442"}],"curies":[{"name":"wp","href":"https:\/\/api.w.org\/{rel}","templated":true}]}}